8
Evaluate (6 - -8) + (-2 - 3) + 25 + -11.
23
What is the value of 1 + -5 + (5 + 3 - -1) - 13?
-8
What is the value of -18 - (-4 + -28) - (6 + (0 - -2))?
6
What is 6 - (-11 + 38 + -19)?
-2
What is 9 + 0 + -4 - (-9 + 3 + 7)?
4
7 - (20 - -34 - 30)
-17
Calculate -8 + 1 + (-8 - (6 + 3 + -12)).
-12
What is the value of 0 + 7 - (107 + -38 + -67)?
5
Evaluate 9 + -1 + -12 + 11 + 8.
15
What is -1 + (-45 + 3 + 10 - 1)?
-34
-26 - (23 + -31 + -18)
0
Evaluate -19 - -46 - (13 + 0).
14
(-49 - -21) + (2 - -22)
-4
Evaluate -9 - (0 - (-4 - (-9 + 6))).
-10
What is -12 - (-12 - 4) - 4?
0
-13 - (-5 + (18 - 5) + -40)
19
68 + -28 - 28 - 40
-28
(-24 + 1 - (-110 - -80)) + (1 - 7)
1
What is 18 + -16 + 12 + 0 + (3 - 0)?
17
Evaluate -2 + (-2 - -36) + (93 - 91).
34
Calculate -5 - ((10 + -17 - 10) + 1).
11
Evaluate 6 + (1 - -1) + 1894 + -1911.
-9
Calculate (-1 + (2 - 1) - 1) + 6228 + -6230.
-3
Evaluate -11 + 15 - (11 - -2).
-9
Calculate 7 - 5 - 22 - (-2 + 3 + -4).
-17
27 - (-30 + 10) - (6 + 4)
37
What is the value of -21 + 14 + (88 - 49)?
32
-7 - (2 + (13 - 10))
-12
What is the value of (-4 - 4) + 10 - -11 - -2?
15
What is (31 - (28 + 8 + -23)) + -4 + 4?
18
What is -34 + 8 - -13 - 2 - 2?
-17
Evaluate 27 - ((19 - 4) + -9 + 6).
15
Calculate (3 + 4 - 1) + -71 + 72.
7
What is the value of (2 - 5) + (15 - 0 - (22 - -14))?
-24
What is (-2 - (3 + -19)) + -15?
-1
Calculate (-55 - -45) + 12 + 5.
7
2 - (-2 + 20 + -10 + -15)
9
(24 - 8 - 11) + 5
10
Calculate (0 - (-6 - 0)) + (8 - (35 - 33)).
12
0 + -1 + -16 + (-2 - (22 - 28))
-13
What is the value of 1 + (13 - ((8 - 13) + 1 + -4))?
22
What is 23 - (14 - (24 - 11))?
22
-7 - (-4 - (0 + 4 - -3))
4
23 + (-5 + (2 - -6 - 5) - 5)
16
Calculate -30 - (-1 - 5 - ((-11 - -2) + -1)).
-34
2 - 2 - (-3 + 1 + -22) - 6
18
What is the value of 11 + 1 + -1 + 28 + -14?
25
What is the value of (-18 - 0) + (15 + 6 - (11 - -6))?
-14
Calculate 7 + -1 + -18 + -1 + -1.
-14
Calculate (34 - 30 - (6 - (-3 + -1))) + 19.
13
Evaluate (-21 - -8) + (5 - 5) + 2.
-11
What is -17 + (-2 - -65) + (-3 - 7)?
36
What is 18 + -18 + (20 - 12) + -18 + -1?
-11
Evaluate (-6 - 15) + (9 - 30 - -11).
-31
(4 - 13 - (0 + 0)) + -9
-18
Calculate -16 + 20 + -3 + -29 + -7.
-35
What is -42 - (-40 - (-22 - 2))?
-26
Evaluate 4 - ((-6 - -7) + -4) - 19.
-12
What is -21 + 7 + (9 - 2)?
-7
Calculate (-7 - -18) + -17 + 2 + 10.
6
Evaluate -7 - 2 - (-491 + 490).
-8
-4 + 1 - (10 + -14 + 12)
-11
Evaluate -6 - (-7 - (1 + -1) - (-156 - -158)).
3
What is the value of (-4 + -1 - -7 - -4) + -18?
-12
What is (15 - 25) + 2 + -5 + (1 - -3)?
-9
What is -8 - ((-2 - 4) + (2 - 6) - -8)?
-6
(-13 - (4 + -3) - (-5 + 2)) + -2
-13
(4 - (0 - -1)) + 18 + (1 - 25)
-3
-9 + -2 - (399 + -430)
20
What is the value of 999 - 943 - (15 - -2 - 0)?
39
What is the value of -15 + (24 - (-8 + (35 - 16)))?
-2
(-2 - (-22 + -2)) + (-29 - (53 - 75))
15
What is the value of (-7 - 0) + 0 - (10 - (-2 + 7))?
-12
4 + -11 - (6 - (-11 + 5 - -32))
13
Evaluate 1 + 12 + (-13 - (12 - (-9 - -32))).
11
What is the value of 24 + (-6 - 3) + -21 - 7?
-13
What is (3 - 12 - 3) + -163 + 164 + 10?
-1
Evaluate 1 - 44 - (812 - 838).
-17
227 + -230 - (-2 + (-2 - 4) + -1)
6
What is the value of 20 + 1 - ((18 - -1) + -13)?
15
Calculate -9 - (-31 + 6 + (5 - 0)).
11
What is the value of 16 + -37 - (-7 - 20)?
6
14 + -66 + 64 + (-3 - -1 - 0)
10
What is the value of -3 - (2 + 2 + -1 + (11 - 26))?
9
Calculate -22 + (-4 - (2 + -5)) - (-9 + 15).
-29
What is the value of (5 - (-7 + -1)) + (-4 - 0 - 2)?
7
What is the value of 1 + -1 - (0 + (9 - 6))?
-3
19 + -1 + (55 - 65) + -3
5
8 + -40 + 11 + 33
12
(1 - -19 - 9) + (-19 - -1)
-7
-11 + 7 - (-2 - (-18 + 4))
-16
Calculate -4 - ((24 - 11) + -35 + 4 + -1).
15
What is -4 + (0 - 0) - ((-19 - -9) + 6)?
0
What is -5 + 1 + -1 - (14 + -10) - -1?
-8
-39 + (-3 - (-12 - 6))
-24
Calculate -12 + 15 - 13 - -25.
15
Calculate 14 + -1 + -663 + 646.
-4
(1 - -10) + 11 + -13
9
Calculate (-6 + 1 + 5 - -5) + (-6 - -1).
0
What is the value of 5 + ((4 - 0) + -34 - -10)?
-15
What is -23 + 15 - 21 - -24?
-5
Calculate (8 - (-2 - -2)) + (66 - 63).
11
Calculate (26 - -29) + -49 + (0 - 5).
1
(1 - 3) + (9 - -14 - 25) + 3
-1
Calculate -9 + 20 + (7 - (4 + -2)).
16
Calculate (4 - -10) + -19 + (4 - 3) + -3.
-7
(8 - (0 + (-4 - -16))) + (1 - 3)
-6
Evaluate (-41 - -12 - -13) + 16.
0
What is (-112 - -108) + -23 + 7?
-20
What is the value of 3 - -1 - (0 + -4 + (-2 - -8))?
2
What is the value of (-1 - 11) + (-2 + 5 - -2)?
-7
Calculate 53 + -20 + (-33 - -23).
23
-3 + 5 + (1 + -2 - (16 - 11))
-4
Evaluate 17 + 0 - (-4 - 1 - -13).
9
1 - 1 - (29 + -18 - 3)
-8
Calculate -4 - -52 - (18 + 2 - 12).
40
What is -3 + 22 + -8 + -1 - 21?
-11
What is 18 - ((8 - 0) + (-8 - -9) + -2)?
11
Calculate (-31 - (-8 - -7)) + 15.
-15
What is the value of (0 + 6 - (19 - 6)) + 24 + -2?
15
What is the value of (0 + -15 - (-17 + 6)) + (1 - -8)?
5
-29 - -41 - (11 + 2)
-1
Evaluate (-5 - (-12 + -13)) + (3 + -2 - 7).
14
What is the value of -6 - (-27 - (1 + 1))?
23
What is 1 + -9 + 3 - (-5 - 21)?
21
Evaluate -67 + 69 + (19 - (5 - (-2 + 4))).
18
Evaluate 279 - 289 - (-2 + 6).
-14
Evaluate -9 + -8 - (22 + -24).
-15
-8 - (4 - (-1 + 2 - (-10 + 3)))
-4
What is the value of 19 + 6 + -34 + 15?
6
What is 0 + -1 + 2 + (-7 - (-6 + 3))?
-3
-20 + (-8 + 19 - 6)
-15
Evaluate -21 + -2 + (-2 - -10) + 0.
-15
Evaluate 6 + (-2 - 12) + 7.
-1
What is the value of -5 + (8 + 2 + -7 - (-4 + 2))?
0
What is (-1 - 0 - -7) + (-117 - -122)?
11
What is 8 + (-17 - -12 - 10)?
-7
What is the value of 6 + -18 - (-14 - (14 + -25))?
-9
What is 13 - (-1 - -27 - (-389 + 377))?
-25
Calculate (-1 + -11 - (26 + -6)) + -13 + 9.
-36
Calculate -7 + 14 + (-1 - 13) - (1 - 10).
2
What is -12 + (-17 - -23) - (1 + -8) - -3?
4
Calculate 31 - (-1 + -24 - -67).
-11
Calculate (-9 - -11) + 6 + -7 + -2.
-1
What is 4 - (-3 + (3 - (-6 - -7)) + 2)?
3
What is -2 + 0 - (163 - 155)?
-10
What is the value of -42 - (-34 - (16 + -37))?
-29
2 - -8 - 18 - -2 - (2 + -16)
8
Calculate -3 + 2 + -2 - (29 - 25).
-7
(-3 - (-46 - -33)) + 18
28
What is 13 - (-11 + -10 - -37)?
-3
3 + 28 - (-201 + 209)
23
What is the value of 0 + 2 - (-13 + 10 - (-3 - 3))?
-1
What is the value of -5 + 13 - ((-5 - -15) + -4)?
2
Evaluate 1 + 6 + (-24 - (10 - -9)).
-36
What is -8 - ((-148 - -143 - (-11 + 1)) + -41)?
28
What is the value of -15 + (0 - -5 - (1 - -2))?
-13
-33 + (-8 + -9 - -30) - -13
-7
Calculate -20 + -1 + (3 - (-18 + 28)).
-28
Evaluate -7 + 72 + -37 + -51.
-23
What is -5 + -4 + (-2 - (4 + 7))?
-22
Calculate 8 + -15 + (7 - 0).
0
What is (2 - 3) + 8 - (2 + -8 - -3)?
10
Calculate -1 + (-2 - -5) - (-8 + -19 + -1).
30
Evaluate 0 + 1 + -2 + 31 + -33.
-3
What is the value of -19 + -6 + 21 + -7?
-11
Calculate 30 + 0 + (-527 - -501).
4
Calculate -11 + (1 - -16 - (-66 - -76)) - 0.
-4
Evaluate 16 + -11 + -8 + 1.
-2
Evaluate -2 - -37 - (-1175 + 1192).
18
What is -13 + 6 - 3 - (-32 - -19)?
3
What is (41 - 4) + -26 + 1?
12
(21 - (-13 + 38)) + -6
-10
Calculate -6 + (3 - (-1 + 10)) - 10.
-22
What is 1 + 11 + (-350 - -346)?
8
What is the value of (-11 - (-26 - -27)) + 9 + (1 - 0)?
-2
Calculate (-12 - -5) + -15 - -21.
-1
-29 - (-53 - (26 - 33))
17
What is -7 + 23 - (5 + -15 + -11 + 24)?
13
What is the value of 19 + -9 + 0 - 6 - 12?
-8
Calculate -1 + 3 + (2 - 0) + 1.
5
Evaluate 2 + -10 + -1 + 1 + -200 + 198.
-10
What is 18 + (-6 - (-10 + 10)) - -2?
14
-32 - -13 - (2 + -2 + -26)
7
What is -32 - -33 - (-5 + (6 - 2))?
2
Calculate -1 + 10 + -118 + 116.
7
1 - (13 + -7 + (0 + -12 - 4))
11
What is the value of 5 - (-11 - -10 - (-13 - 17))?
-24
What is the value of 7 - (6 + -14 + 9)?
6
Evaluate 13 + -16 - (3 + -5 + 6).
-7
What is 14 + (116 - 129 - (-2 + 0))?
3
What is -29 - (6 + -8 + -5 + 5 + -5)?
-22
26 + (-5 - 1 - 9)
11
What is the value of 14 - (20 + -12 + -23)?
29
0 + 0 + 7 + (-72 - -60)
-5
Calculate 5 + (36 - (46 - 25)).
20
Calculate 146 + -147 - (-13 + (-1 - -2)).
11
Calculate -6 + 18 - (-11 - (10 - 14)).
19
What is the value of 2 + 16 + (-7 - (36 - 29))?
4
Calculate (10 + 0 - 4) + (5 - (-5 + 11)).
5
What is the value of -6 - (-136 + 169 + (1 - (7 - 0)))?
-33
Calculate 2 + -33 + (-161 - -184).
-8
Calculate -1 - (-23 + (-8 - 7) - -10).
27
What is the value of (-2 - 57) + (97 - 56)?
-18
Calculate -354 - -359 - (14 - (4 - 2)).
-7
What is (0 - ((-12 - -11) + -12)) + -36?
-23
Calculate 14 + (-2 - (-